on factor of 5593 and 119.
119
Calculate the highest common divisor of 3427 and 149.
149
Calculate the highest common divisor of 18527 and 291.
97
Calculate the greatest common divisor of 204 and 136.
68
What is the highest common factor of 19738 and 2224?
278
What is the greatest common factor of 70 and 1120?
70
What is the highest common factor of 216 and 48?
24
What is the highest common divisor of 925 and 125?
25
Calculate the greatest common divisor of 35 and 77.
7
What is the highest common factor of 438 and 3358?
146
Calculate the highest common divisor of 413 and 472.
59
Calculate the greatest common factor of 24 and 114.
6
What is the greatest common factor of 22 and 26?
2
What is the greatest common divisor of 10 and 16?
2
Calculate the highest common divisor of 7380 and 36.
36
What is the greatest common divisor of 164 and 2706?
82
Calculate the highest common divisor of 15 and 1485.
15
Calculate the highest common divisor of 17 and 17.
17
What is the greatest common factor of 57 and 969?
57
What is the highest common divisor of 1296 and 48?
48
Calculate the highest common divisor of 465 and 1023.
93
Calculate the greatest common factor of 267 and 11659.
89
What is the highest common divisor of 1767 and 114?
57
Calculate the highest common factor of 18 and 96.
6
What is the highest common divisor of 95 and 171?
19
Calculate the highest common divisor of 280 and 56.
56
Calculate the greatest common divisor of 1681 and 41.
41
Calculate the greatest common factor of 9 and 21.
3
Calculate the greatest common factor of 2640 and 1650.
330
Calculate the highest common divisor of 40 and 824.
8
Calculate the greatest common divisor of 28 and 868.
28
What is the greatest common divisor of 432 and 594?
54
What is the greatest common factor of 9243 and 234?
117
Calculate the highest common divisor of 13542 and 37.
37
What is the highest common factor of 21 and 357?
21
What is the greatest common divisor of 1175 and 25?
25
What is the highest common divisor of 204 and 69?
3
Calculate the highest common divisor of 25 and 2150.
25
What is the highest common divisor of 87 and 406?
29
What is the highest common factor of 10 and 95?
5
Calculate the greatest common factor of 26 and 28418.
26
What is the highest common factor of 117 and 1443?
39
What is the highest common factor of 357 and 595?
119
Calculate the greatest common factor of 1055 and 422.
211
Calculate the highest common divisor of 18 and 282.
6
Calculate the highest common divisor of 320 and 520.
40
Calculate the greatest common factor of 21 and 2317.
7
What is the highest common factor of 44 and 1012?
44
Calculate the highest common divisor of 82 and 19.
1
What is the highest common divisor of 1300 and 416?
52
Calculate the greatest common factor of 806 and 62.
62
What is the highest common divisor of 14059 and 17?
17
Calculate the greatest common divisor of 84 and 36.
12
Calculate the highest common factor of 942 and 1099.
157
What is the greatest common factor of 29 and 435?
29
Calculate the greatest common factor of 11 and 33539.
11
What is the greatest common factor of 134 and 67000?
134
What is the highest common divisor of 665 and 1729?
133
What is the greatest common divisor of 61 and 1769?
61
What is the highest common factor of 13 and 13?
13
Calculate the highest common factor of 65 and 260.
65
What is the greatest common divisor of 6190 and 30?
10
Calculate the highest common divisor of 3040 and 855.
95
What is the highest common divisor of 187 and 77?
11
Calculate the greatest common divisor of 7697 and 215.
43
What is the highest common factor of 10 and 2?
2
What is the highest common factor of 36 and 8994?
6
Calculate the highest common factor of 22 and 22682.
22
What is the highest common factor of 245 and 105?
35
Calculate the highest common divisor of 174 and 203.
29
Calculate the highest common factor of 9 and 261.
9
Calculate the greatest common factor of 1508 and 12441.
377
What is the greatest common divisor of 342 and 18?
18
What is the highest common factor of 71 and 3053?
71
What is the greatest common divisor of 104 and 1300?
52
What is the greatest common factor of 533 and 13?
13
What is the highest common factor of 325 and 13?
13
Calculate the greatest common factor of 4 and 186.
2
What is the highest common factor of 600 and 84?
12
What is the highest common factor of 112 and 7?
7
Calculate the highest common divisor of 45 and 75.
15
Calculate the highest common divisor of 2775 and 222.
111
Calculate the highest common divisor of 35 and 77.
7
What is the greatest common factor of 120 and 15?
15
Calculate the highest common divisor of 4096 and 64.
64
What is the greatest common divisor of 2314 and 78?
26
What is the highest common divisor of 1072 and 24?
8
What is the greatest common divisor of 300 and 20?
20
What is the greatest common factor of 195 and 325?
65
What is the greatest common divisor of 685 and 5?
5
What is the greatest common factor of 7 and 469?
7
What is the highest common factor of 328 and 16?
8
What is the highest common factor of 20 and 74860?
20
Calculate the highest common factor of 21 and 1659.
21
Calculate the greatest common factor of 80 and 360.
40
What is the highest common factor of 56 and 1862?
14
What is the greatest common factor of 646 and 136?
34
Calculate the greatest common factor of 3572 and 608.
76
Calculate the highest common divisor of 3 and 970.
1
Calculate the greatest common factor of 61 and 7747.
61
What is the highest common divisor of 1005 and 15?
15
What is the greatest common divisor of 200 and 925?
25
Calculate the highest common factor of 80 and 1328.
16
What is the highest common factor of 90 and 30?
30
What is the highest common divisor of 21 and 161?
7
What is the highest common factor of 1330 and 3420?
190
What is the highest common divisor of 101535 and 105?
105
Calculate the highest common divisor of 869 and 11.
11
What is the highest common divisor of 48 and 6?
6
Calculate the highest common divisor of 13 and 208.
13
What is the highest common divisor of 512 and 32?
32
Calculate the greatest common divisor of 3698 and 14.
2
What is the greatest common factor of 19514 and 110?
22
What is the greatest common factor of 299 and 559?
13
What is the greatest common divisor of 6716 and 92?
92
What is the greatest common factor of 252 and 324?
36
Calculate the highest common divisor of 32 and 656.
16
What is the greatest common factor of 5251 and 59?
59
What is the greatest common factor of 141 and 1786?
47
What is the greatest common factor of 50230 and 10?
10
Calculate the greatest common factor of 23 and 368.
23
What is the highest common factor of 70 and 900?
10
Calculate the greatest common divisor of 1343 and 17.
17
What is the greatest common divisor of 180 and 225?
45
What is the greatest common factor of 45 and 93?
3
What is the highest common divisor of 85 and 765?
85
Calculate the highest common divisor of 34 and 5882.
34
Calculate the greatest common factor of 65 and 481.
13
What is the greatest common factor of 2178 and 242?
242
What is the greatest common factor of 76 and 1596?
76
What is the highest common divisor of 28 and 1862?
14
Calculate the greatest common factor of 21 and 189.
21
Calculate the greatest common divisor of 296 and 8.
8
Calculate the greatest common divisor of 308 and 2079.
77
What is the greatest common factor of 7012 and 12?
4
Calculate the greatest common factor of 2 and 10.
2
What is the greatest common factor of 116 and 20?
4
What is the highest common factor of 168 and 588?
84
What is the highest common divisor of 10 and 130?
10
Calculate the highest common factor of 168 and 72.
24
What is the greatest common factor of 57 and 152?
19
Calculate the greatest common divisor of 66 and 1155.
33
Calculate the greatest common factor of 2064 and 129.
129
What is the greatest common factor of 735 and 120?
15
What is the greatest common divisor of 2482 and 34?
34
What is the greatest common divisor of 138 and 6?
6
Calculate the highest common divisor of 249 and 32536.
83
What is the greatest common factor of 55 and 121?
11
What is the greatest common factor of 138 and 184?
46
What is the highest common divisor of 33 and 7062?
33
What is the greatest common factor of 126 and 441?
